{"id":27154,"date":"2024-08-15T08:32:39","date_gmt":"2024-08-15T08:32:39","guid":{"rendered":"https:\/\/dilaraerenkaraman.com.tr\/?page_id=27154"},"modified":"2024-10-30T13:57:59","modified_gmt":"2024-10-30T13:57:59","slug":"online-beslenme-danismanligi","status":"publish","type":"page","link":"https:\/\/dilaraerenkaraman.com.tr\/index.php\/online-beslenme-danismanligi\/","title":{"rendered":"Kocaeli Online Beslenme Dan\u0131\u015fmanl\u0131\u011f\u0131"},"content":{"rendered":"\n<p>Online Beslenme Dan\u0131\u015fmanl\u0131\u011f\u0131<\/p>\n\n\n\n<p>Bedensel olarak en sa\u011fl\u0131kl\u0131 halinize ula\u015fman\u0131z\u0131n \u00f6n\u00fcndeki t\u00fcm engelleri ortadan kald\u0131ran Online Beslenme Dan\u0131\u015fmanl\u0131\u011f\u0131, ula\u015f\u0131labilir bir dan\u0131\u015fmanl\u0131k sistemi olmas\u0131 sebebiyle, yeni ya\u015fam modellerimizle de uyumlu bir y\u00f6ntem. Mesafeleri, zaman farklar\u0131n\u0131, yo\u011funlu\u011fu sorun olmaktan \u00e7\u0131kararak dan\u0131\u015fan i\u00e7in b\u00fcy\u00fck kolayl\u0131k sa\u011fl\u0131yor.<\/p>\n","protected":false},"excerpt":{"rendered":"<p>Online Beslenme Dan\u0131\u015fmanl\u0131\u011f\u0131 Bedensel olarak en sa\u011fl\u0131kl\u0131 halinize ula\u015fman\u0131z\u0131n \u00f6n\u00fcndeki t\u00fcm engelleri ortadan kald\u0131ran Online Beslenme Dan\u0131\u015fmanl\u0131\u011f\u0131, ula\u015f\u0131labilir bir dan\u0131\u015fmanl\u0131k<\/p>\n","protected":false},"author":1,"featured_media":0,"parent":0,"menu_order":0,"comment_status":"closed","ping_status":"closed","template":"","meta":{"footnotes":""},"class_list":["post-27154","page","type-page","status-publish","hentry"],"_links":{"self":[{"href":"https:\/\/dilaraerenkaraman.com.tr\/index.php\/wp-json\/wp\/v2\/pages\/27154","targetHints":{"allow":["GET"]}}],"collection":[{"href":"https:\/\/dilaraerenkaraman.com.tr\/index.php\/wp-json\/wp\/v2\/pages"}],"about":[{"href":"https:\/\/dilaraerenkaraman.com.tr\/index.php\/wp-json\/wp\/v2\/types\/page"}],"author":[{"embeddable":true,"href":"https:\/\/dilaraerenkaraman.com.tr\/index.php\/wp-json\/wp\/v2\/users\/1"}],"replies":[{"embeddable":true,"href":"https:\/\/dilaraerenkaraman.com.tr\/index.php\/wp-json\/wp\/v2\/comments?post=27154"}],"version-history":[{"count":2,"href":"https:\/\/dilaraerenkaraman.com.tr\/index.php\/wp-json\/wp\/v2\/pages\/27154\/revisions"}],"predecessor-version":[{"id":27354,"href":"https:\/\/dilaraerenkaraman.com.tr\/index.php\/wp-json\/wp\/v2\/pages\/27154\/revisions\/27354"}],"wp:attachment":[{"href":"https:\/\/dilaraerenkaraman.com.tr\/index.php\/wp-json\/wp\/v2\/media?parent=27154"}],"curies":[{"name":"wp","href":"https:\/\/api.w.org\/{rel}","templated":true}]}}